when 966 is divided by c(-2).
14
Suppose -11 = 2*i - 3. Let s be 64/(-24)*63/i. Suppose 3*r - r = v + s, 5*v - 42 = -2*r. What is the remainder when 81 is divided by r?
18
Suppose -376*o - 59*o + 58667 = 58*o. Let g(m) = m**2 - 7*m + 9. Let t be g(6). Suppose t*i - 28 = 44. Calculate the remainder when o is divided by i.
23
Suppose 13*v + 772 - 1149 = 0. Let m(j) = -j**3 - 6*j**2 - j + 7. Let x be m(-7). Calculate the remainder when v is divided by (-14)/x + 148/18.
5
Let u = -47208 + 47339. What is the remainder when 2740 is divided by u?
120
Let y(i) = i**3 - 27*i**2 - 198*i + 101. What is the remainder when 280 is divided by y(33)?
78
Let v be 18/(-21)*(55/(-10) - -2). Suppose v*x + 4*c = -c + 283, 5*c = 5*x - 445. Calculate the remainder when x is divided by 24.
19
Let j = 112 + 34. Let r = j + -111. Let h(b) = -b + 8. What is the remainder when r is divided by h(-11)?
16
Calculate the remainder when 680 is divided by (3 + 1)/36 - (-1466)/9.
28
Let o(t) = -2*t**3 + 29*t**2 + 150*t - 1. Calculate the remainder when o(-5) is divided by 103.
18
Let h = -17055 - -23225. Calculate the remainder when h is divided by 42.
38
Let a(w) = 0*w - 3*w**2 - 17 - 9*w + 5*w**2. Let k be (-4)/(-90) - (-3640)/(-900). Calculate the remainder when a(k) is divided by 18.
15
Suppose -2 - 116 = -2*p. Let f = -57 + p. Suppose -5*t + 8*t + f*m - 87 = 0, -2*t = -2*m - 58. Calculate the remainder when t is divided by 10.
9
Let l be ((-25)/(-5) - 4) + 3. Suppose 0 = -2*f + l + 22. Calculate the remainder when 35 is divided by f.
9
Let f = -168 + 207. Calculate the remainder when (62/(-8))/(1/(-12)) is divided by f.
15
Let m = 4038 + -3729. Calculate the remainder when m is divided by 81.
66
Let p(o) = -20*o**2 + 1125*o - 260. Let r(l) = -3*l + 12. Calculate the remainder when r(-14) is divided by p(56).
14
Suppose 106*z = 101*z - 3*m + 977, 4*z - 756 = 4*m. Calculate the remainder when z is divided by 17.
6
Let k(v) = v**3 - 8*v**2 + 6. Let j be k(-6). Let h = j - -525. Calculate the remainder when 105 is divided by h.
24
Suppose 2*r + 488 - 1550 = -4*f, 5*f + 5*r = 1335. Calculate the remainder when 1075 is divided by f.
19
Let r(c) = 10*c - 72. Let g be r(9). Suppose -g = -t + 2*p, 6*p = 9*p + 12. What is the remainder when 27 is divided by t?
7
What is the remainder when ((-780)/(-78) + 58/(-6))/((-2)/(-4770)) is divided by 260?
15
Let u be (-6 - -5) + 44 + 6. Suppose u*h - 61*h + 276 = 0. What is the remainder when 711 is divided by h?
21
Let v(j) = -j**3 + 11*j**2 + 5*j + 12. Let g be v(10). Suppose -g*n - 189 = -169*n. Calculate the remainder when 102 is divided by n.
21
Let j = 8674 - 8636. Suppose -2*t - 295 = -5*k - 7*t, 12 = 3*t. Calculate the remainder when k is divided by j.
17
Let z(b) = 64*b**2 - 702*b + 41. Calculate the remainder when 13544 is divided by z(11).
62
Let h(f) = 149*f**2 + 75*f - 71. What is the remainder when h(3) is divided by 261?
190
Let m(t) = 20*t + 193. What is the remainder when 343 is divided by m(-4)?
4
Suppose -8*q + 4*q = -12, 5*z - 107 = q. Let y = z + -20. Suppose 5*a = y*k - 43 + 7, -5*a - 72 = -4*k. What is the remainder when k is divided by 10?
8
Let d(l) be the first derivative of -l**3/3 + 11*l**2/2 + l - 93. Calculate the remainder when 197 is divided by d(3).
22
Suppose -15 + 9 = -s. Let o(u) = u**2 + 4*u - 7. Let j be o(-6). Let w = j - -60. Calculate the remainder when w is divided by s.
5
Let p(t) = 326*t + 18586. What is the remainder when (-1 + 1)/1 - -353 is divided by p(-57)?
1
Let s = 4585 + -4578. Let p(z) = 4*z**2 + 3*z + 5. Let i be p(5). Let g = -82 + i. What is the remainder when g is divided by s?
3
Let z(u) = -u**2 + 55*u + 54. Let g be z(56). Let m(n) = -31*n**3 - 3*n**2 - 6*n - 10. What is the remainder when m(g) is divided by 20?
18
Suppose 4*m + f - 110 = 0, -m + 2*f + 116 = 3*m. Calculate the remainder when 645/5*4/6*(-33)/(-6) is divided by m.
25
Let h be (132/110)/(4/(-1270)). Let x = h - -412. What is the remainder when x is divided by 22?
9
Let c = 294 - 292. Suppose 2*l - 34 = 5*k, -l - c*l + 9 = 3*k. Calculate the remainder when 32 is divided by l.
4
Suppose -65*u = -78*u + 6513. What is the remainder when u is divided by 36?
33
Suppose -7*x = -x + 5*p - 238, -2*p + 4 = 0. Let h = 16 - -22. What is the remainder when h is divided by x?
0
Let t(o) = o**3 - o**2 - o + 2. Let z be t(3). Suppose 3*k = -k - 116. Let a = z - k. What is the remainder when a is divided by 16?
14
Let k = 851 + -822. What is the remainder when 518 is divided by k?
25
Suppose -a + 2*d + 138 = 0, -11*a + 8*a - 5*d + 469 = 0. Suppose -a = -4*j + 112. What is the remainder when 257 is divided by j?
62
Suppose 24 = -5*k - 11, -2*k = -2*r + 340. Let q(s) = 3*s**2 - 1. Calculate the remainder when r is divided by q(-2).
9
Suppose -6*a + 10*a = -176. Let f = -44 - a. Suppose 6*w - w - 90 = f. Calculate the remainder when 35 is divided by w.
17
Suppose -5491 = -34*q + 9639. Suppose 31*p - q - 640 = 0. Calculate the remainder when 171 is divided by p.
31
Suppose -2*t + 4 = -0*t. Suppose -t*f + 42 = -f. What is the remainder when (-16562)/(-169) - (15 - 0) is divided by f?
41
Suppose 87 - 75 = -3*o. Let m = o - -66. Calculate the remainder when 122 is divided by m.
60
Suppose -12948 = -46*n - 1218. Calculate the remainder when 1530 is divided by n.
0
Suppose -84*h = -154*h + 87*h - 374. What is the remainder when 103 is divided by h?
15
What is the remainder when (30852/4285)/(8/(-54)*1/(-70)) is divided by 74?
72
Suppose -v + 42 = 46, 0 = 5*i - v - 354. Calculate the remainder when 177 is divided by i.
37
Let x be 1/(-2)*2*-2. Suppose -37*w + 74*w = 1887. Calculate the remainder when w is divided by x/(-1 + 3)*18.
15
Let f = 4231 - 3974. Calculate the remainder when 319 is divided by f.
62
Let b(u) = 4*u**2 + u. Let p(n) = 3*n**2 + 226*n - 1443. Calculate the remainder when p(-82) is divided by b(2).
17
Let q(s) = 104*s**2 + 24*s - 1247. Calculate the remainder when q(19) is divided by 17.
16
Suppose 5*p - 20 = 4*p. Let o(c) = 3*c + 15*c - 2*c - c**2 - p. Calculate the remainder when o(10) is divided by 9.
4
Suppose -34*a - 2520 = -76*a. What is the remainder when 777 is divided by a?
57
Suppose -4*m = 5*d - 184, 143*m - 139*m = -36. Let l(o) = -o + 7. Let v be l(5). Suppose 0*y + 30 = v*y. Calculate the remainder when d is divided by y.
14
Let v = 42 - 18. Let k = v + -28. What is the remainder when 79 is divided by -16*(3 - -1)/k?
15
Let m(x) be the first derivative of 3*x**2/2 - 6*x + 155. What is the remainder when 325 is divided by m(24)?
61
Let a(y) = 18 - 48*y - 40*y + 128*y - 38*y. Calculate the remainder when 131 is divided by a(8).
29
Suppose 2*j + 3 = 5*j, -5*h - 2622 = -2*j. Let t = h + 541. What is the remainder when (-3)/(2/(-22)*1) is divided by t?
16
Suppose 3*v + 3 = -6, -t = -2*v - 4. Let s be -10*(-9)/12*t. Calculate the remainder when (-4)/(-6) - (3 - (-215)/s) is divided by 10.
2
Suppose 22*p - 27*p + 2005 = 3*x, 0 = -5*x + 3*p + 3319. Calculate the remainder when x is divided by 167.
164
Let r = -79 - -269. Suppose 0 = -f + 11*j - 10*j + 19, -f = -5*j + 1. Calculate the remainder when r is divided by f.
22
Let b(v) be the third derivative of -19*v**5/12 - v**4/12 - v**3/6 + 32*v**2. Let u be b(-1). Calculate the remainder when 153 is divided by (-13)/39 + u/(-3).
29
Suppose 0 = -2*u - 2*z + 16, u - z + 143 = 153. Let g = -5 - -8. Suppose g*m - 23 = 22. Calculate the remainder when m is divided by u.
6
Suppose -11*m + 281 = -6*m + t, -2*t = 3*m - 170. Suppose -244*v = -248*v + m. Calculate the remainder when 68 is divided by v.
12
Let v = 1097 + -1084. What is the remainder when 1751 is divided by v?
9
Suppose -2*o + 0*n - n - 10 = 0, n = 2*o + 18. Calculate the remainder when 99 is divided by (255/20)/(o/(-28)).
48
Let x be -6*3/(-6) - 2. Let z = x + 0. Suppose 0 = 15*h + 27 + 32 - 74. What is the remainder when z is divided by h?
0
Let n(p) = p**2 + 3*p + 7. Let a = 279 - 147. Let t = 236 - a. What is the remainder when t is divided by n(-3)?
6
Let k(m) = -m**2 - 45*m - 86. What is the remainder when 309 is divided by k(-41)?
75
Suppose -32*c + 1260 + 273 + 12067 = 0. Calculate the remainder when 4676 is divided by c.
1
Suppose 0 = 5*o + 8*z - 1182, 5*o - 4*z - 1286 + 152 = 0. What is the remainder whe